 the prime factors of 159?
3, 53
List the prime factors of 437.
19, 23
What are the prime factors of 3469?
3469
List the prime factors of 71610.
2, 3, 5, 7, 11, 31
What are the prime factors of 2123?
11, 193
What are the prime factors of 179?
179
What are the prime factors of 17380?
2, 5, 11, 79
List the prime factors of 27028.
2, 29, 233
What are the prime factors of 696?
2, 3, 29
What are the prime factors of 14961?
3, 4987
List the prime factors of 21755.
5, 19, 229
What are the prime factors of 117360?
2, 3, 5, 163
List the prime factors of 2885.
5, 577
What are the prime factors of 134?
2, 67
List the prime factors of 18038.
2, 29, 311
List the prime factors of 52587.
3, 5843
List the prime factors of 1405.
5, 281
List the prime factors of 1443.
3, 13, 37
What are the prime factors of 18985?
5, 3797
List the prime factors of 2608.
2, 163
What are the prime factors of 34225?
5, 37
List the prime factors of 80909.
80909
List the prime factors of 6227.
13, 479
List the prime factors of 1637.
1637
List the prime factors of 7816.
2, 977
What are the prime factors of 83786?
2, 41893
List the prime factors of 2405.
5, 13, 37
What are the prime factors of 97?
97
List the prime factors of 189.
3, 7
List the prime factors of 36940.
2, 5, 1847
What are the prime factors of 1247?
29, 43
What are the prime factors of 2912?
2, 7, 13
List the prime factors of 87000.
2, 3, 5, 29
List the prime factors of 93242.
2, 23, 2027
What are the prime factors of 3081?
3, 13, 79
What are the prime factors of 6922?
2, 3461
List the prime factors of 1140.
2, 3, 5, 19
List the prime factors of 2426.
2, 1213
What are the prime factors of 469?
7, 67
List the prime factors of 161.
7, 23
What are the prime factors of 9640?
2, 5, 241
List the prime factors of 121147.
13, 9319
What are the prime factors of 120390?
2, 3, 5, 4013
List the prime factors of 2074.
2, 17, 61
List the prime factors of 1478.
2, 739
What are the prime factors of 664?
2, 83
List the prime factors of 28373.
17, 1669
List the prime factors of 14276.
2, 43, 83
What are the prime factors of 1372?
2, 7
What are the prime factors of 3820?
2, 5, 191
What are the prime factors of 10324?
2, 29, 89
List the prime factors of 131437.
131437
List the prime factors of 29832.
2, 3, 11, 113
List the prime factors of 10606.
2, 5303
What are the prime factors of 2009?
7, 41
List the prime factors of 5861.
5861
What are the prime factors of 29214?
2, 3, 541
List the prime factors of 1217.
1217
What are the prime factors of 443?
443
List the prime factors of 6348.
2, 3, 23
List the prime factors of 5240.
2, 5, 131
List the prime factors of 19960.
2, 5, 499
List the prime factors of 53172.
2, 3, 7, 211
List the prime factors of 3347.
3347
List the prime factors of 171.
3, 19
What are the prime factors of 18652?
2, 4663
What are the prime factors of 2574?
2, 3, 11, 13
What are the prime factors of 575?
5, 23
What are the prime factors of 20753?
20753
What are the prime factors of 121885?
5, 19, 1283
What are the prime factors of 48798?
2, 3, 2711
List the prime factors of 53253.
3, 61, 97
What are the prime factors of 13655?
5, 2731
List the prime factors of 21326.
2, 10663
List the prime factors of 3214.
2, 1607
What are the prime factors of 24858?
2, 3, 1381
What are the prime factors of 1430?
2, 5, 11, 13
What are the prime factors of 4304?
2, 269
List the prime factors of 1461.
3, 487
What are the prime factors of 106?
2, 53
List the prime factors of 66544.
2, 4159
List the prime factors of 1782.
2, 3, 11
List the prime factors of 1264.
2, 79
List the prime factors of 26614.
2, 7, 1901
List the prime factors of 11930.
2, 5, 1193
What are the prime factors of 6516?
2, 3, 181
List the prime factors of 1291.
1291
What are the prime factors of 10007?
10007
What are the prime factors of 167710?
2, 5, 31, 541
What are the prime factors of 2011?
2011
List the prime factors of 842.
2, 421
What are the prime factors of 24020?
2, 5, 1201
List the prime factors of 238.
2, 7, 17
What are the prime factors of 42593?
191, 223
What are the prime factors of 3389?
3389
List the prime factors of 168700.
2, 5, 7, 241
What are the prime factors of 38113?
38113
List the prime factors of 4627.
7, 661
List the prime factors of 455.
5, 7, 13
What are the prime factors of 140089?
31, 4519
List the prime factors of 10239.
3, 3413
What are the prime factors of 2422?
2, 7, 173
What are the prime factors of 2230?
2, 5, 223
What are the prime factors of 1459?
1459
List the prime factors of 21453.
3, 7151
What are the prime factors of 8813?
7, 1259
What are the prime factors of 21319?
21319
What are the prime factors of 131901?
3, 7, 11, 571
What are the prime factors of 1022?
2, 7, 73
List the prime factors of 41187.
3, 13729
What are the prime factors of 1959?
3, 653
List the prime factors of 677.
677
List the prime factors of 18974.
2, 53, 179
List the prime factors of 14448.
2, 3, 7, 43
What are the prime factors of 898?
2, 449
List the prime factors of 2585.
5, 11, 47
List the prime factors of 1302.
2, 3, 7, 31
What are the prime factors of 17685?
3, 5, 131
List the prime factors of 1409.
1409
List the prime factors of 10899.
3, 7, 173
List the prime factors of 2704.
2, 13
What are the prime factors of 1000?
2, 5
List the prime factors of 3309.
3, 1103
What are the prime factors of 10427?
10427
List the prime factors of 935.
5, 11, 17
List the prime factors of 11467.
11467
What are the prime factors of 87031?
7, 12433
What are the prime factors of 11272?
2, 1409
What are the prime factors of 26920?
2, 5, 673
What are the prime factors of 707?
7, 101
What are the prime factors of 13316?
2, 3329
What are the prime factors of 1480?
2, 5, 37
What are the prime factors of 3255?
3, 5, 7, 31
What are the prime factors of 1910?
2, 5, 191
What are the prime factors of 10406?
2, 11, 43
What are the prime factors of 72091?
72091
List the prime factors of 160.
2, 5
List the prime factors of 1316.
2, 7, 47
List the prime factors of 44.
2, 11
List the prime factors of 80586.
2, 3, 11, 37
What are the prime factors of 36209?
36209
List the prime factors of 1707.
3, 569
What are the prime factors of 22040?
2, 5, 19, 29
What are the prime factors of 35815?
5, 13, 19, 29
What are the prime factors of 88870?
2, 5, 8887
What are the prime factors of 1832?
2, 229
List the prime factors of 73018.
2, 11, 3319
What are the prime factors of 1255?
5, 251
List the prime factors of 5744.
2, 359
List the prime factors of 826.
2, 7, 59
List the prime factors of 38945.
5, 7789
List the prime factors of 16817.
67, 251
List the prime factors of 54235.
5, 10847
What are the prime factors of 1916?
2, 479
What are the prime factors of 890?
2, 5, 89
What are the prime factors of 33336?
2, 3, 463
What are the prime factors of 137?
137
List the prime factors of 33249.
3, 11083
What are the prime factors of 15754?
2, 7877
List the prime factors of 1555.
5, 311
List the prime factors of 541.
541
What are the prime factors of 140?
2, 5, 7
List the prime factors of 35959.
7, 11, 467
What are the prime factors of 507?
3, 13
List the prime factors of 641.
641
List the prime factors of 3005.
5, 601
What are the prime factors of 94778?
2, 47389
What are the prime factors of 3644?
2, 911
List the prime factors of 91360.
2, 5, 571
What are the prime factors of 3339?
3, 7, 53
List the prime factors of 35592.
2, 3, 1483
List the prime factors of 87659.
11, 13, 613
List the prime factors of 1346.
2, 673
List the prime factors of 598.
2, 13, 23
What are the prime factors of 810?
2, 3, 5
What are the prime factors of 20882?
2, 53, 197
List the prime factors of 111298.
2, 11, 5059
What are the prime factors of 57616?
2, 13, 277
List the prime factors of 25534.
2, 17, 751
List the prime factors of 1387.
19, 73
List the prime factors of 12044.
2, 3011
What are the prime factors of 245?
5, 7
What are the prime factors of 15665?
5, 13, 241
What are the prime factors of 1825?
5, 73
What are the prime factors of 14449?
14449
What are the prime factors of 1472?
2, 23
What are the prime factors of 41008?
2, 11, 233
List the prime factors of 1242.
2, 3, 23
List the prime factors of 21515.
5, 13, 331
What are the prime factors of 307?
307
What are the prime factors of 41263?
41263
List the prime factor